ist the prime factors of 4990308.
2, 3, 149, 2791
What are the prime factors of 1371179?
1371179
List the prime factors of 9952978.
2, 7, 101561
List the prime factors of 11895475.
5, 31, 15349
What are the prime factors of 304824?
2, 3, 13, 977
What are the prime factors of 574529?
574529
List the prime factors of 460756.
2, 127, 907
What are the prime factors of 892555?
5, 137, 1303
What are the prime factors of 431035?
5, 11, 17, 461
What are the prime factors of 87589?
87589
List the prime factors of 2208499.
193, 11443
List the prime factors of 5130745.
5, 229, 4481
List the prime factors of 516415.
5, 179, 577
List the prime factors of 349701.
3, 11, 10597
What are the prime factors of 25159916?
2, 2089, 3011
What are the prime factors of 2419585?
5, 7, 73, 947
What are the prime factors of 145193?
145193
What are the prime factors of 4215479?
107, 39397
List the prime factors of 672280.
2, 5, 7
What are the prime factors of 102172?
2, 7, 41, 89
List the prime factors of 7872075.
3, 5, 59, 593
What are the prime factors of 28266051?
3, 11, 856547
List the prime factors of 4909471.
7, 257, 2729
List the prime factors of 23092264.
2, 13, 222041
What are the prime factors of 1346859?
3, 17, 8803
List the prime factors of 9728911.
199, 48889
What are the prime factors of 3066822?
2, 3, 11, 1721
List the prime factors of 913927.
7, 137, 953
List the prime factors of 1269253.
1269253
List the prime factors of 12587879.
12587879
List the prime factors of 9141385.
5, 11, 166207
What are the prime factors of 3363127?
17, 197831
List the prime factors of 354415.
5, 73, 971
What are the prime factors of 1553083?
7, 127, 1747
List the prime factors of 10739419.
2999, 3581
What are the prime factors of 948578?
2, 474289
List the prime factors of 302595.
3, 5, 20173
List the prime factors of 2479549.
2479549
List the prime factors of 24751634.
2, 23, 538079
What are the prime factors of 1285487?
7, 409, 449
List the prime factors of 219363.
3, 73121
What are the prime factors of 1834444?
2, 458611
What are the prime factors of 161211?
3, 17, 29, 109
What are the prime factors of 60112?
2, 13, 17
List the prime factors of 388074.
2, 3, 64679
What are the prime factors of 30131090?
2, 5, 11, 273919
What are the prime factors of 4325710?
2, 5, 491, 881
List the prime factors of 169434.
2, 3, 9413
What are the prime factors of 477138?
2, 3, 281, 283
What are the prime factors of 2596914?
2, 3, 48091
List the prime factors of 908295.
3, 5, 19, 3187
List the prime factors of 1789415.
5, 357883
What are the prime factors of 283825?
5, 11353
What are the prime factors of 5245881?
3, 19, 92033
What are the prime factors of 8508905?
5, 313, 5437
What are the prime factors of 579895?
5, 115979
What are the prime factors of 6145286?
2, 7, 73, 859
List the prime factors of 2683566.
2, 3, 149087
What are the prime factors of 130089?
3, 103, 421
List the prime factors of 18035228.
2, 137, 32911
List the prime factors of 1056656.
2, 66041
What are the prime factors of 4589834?
2, 23, 113, 883
List the prime factors of 606067.
7, 11, 17, 463
What are the prime factors of 8075940?
2, 3, 5, 281, 479
List the prime factors of 502532.
2, 73, 1721
What are the prime factors of 3816390?
2, 3, 5, 23, 5531
What are the prime factors of 80848?
2, 31, 163
What are the prime factors of 9009520?
2, 5, 13, 8663
What are the prime factors of 117218?
2, 29, 43, 47
What are the prime factors of 11280657?
3, 193, 19483
List the prime factors of 951512.
2, 83, 1433
List the prime factors of 25636753.
1109, 23117
List the prime factors of 776059.
776059
List the prime factors of 2827259.
97, 29147
What are the prime factors of 298869?
3, 99623
List the prime factors of 120840.
2, 3, 5, 19, 53
What are the prime factors of 328344?
2, 3, 13681
List the prime factors of 598423.
7, 53, 1613
What are the prime factors of 171702?
2, 3, 9539
List the prime factors of 23754493.
7, 101, 33599
What are the prime factors of 833259?
3, 7, 39679
What are the prime factors of 355719?
3, 7, 13, 1303
What are the prime factors of 121063?
121063
List the prime factors of 273697.
273697
What are the prime factors of 552861?
3, 47, 1307
List the prime factors of 2024240.
2, 5, 25303
List the prime factors of 1935036.
2, 3, 19, 23, 41
What are the prime factors of 17332418?
2, 17, 61, 137
What are the prime factors of 1113507?
3, 59, 233
List the prime factors of 10803034.
2, 11, 569, 863
What are the prime factors of 123212?
2, 30803
What are the prime factors of 565667?
565667
List the prime factors of 2659539.
3, 61, 14533
What are the prime factors of 227191?
227191
List the prime factors of 1610315.
5, 7, 139, 331
List the prime factors of 29472264.
2, 3, 409337
List the prime factors of 117295.
5, 23459
What are the prime factors of 6901024?
2, 13, 53, 313
List the prime factors of 1217685.
3, 5, 7, 11597
What are the prime factors of 322240?
2, 5, 19, 53
List the prime factors of 331142.
2, 7, 31, 109
List the prime factors of 2294106.
2, 3, 382351
List the prime factors of 6465565.
5, 37, 34949
What are the prime factors of 5745575?
5, 11, 17, 1229
What are the prime factors of 239435?
5, 7, 6841
List the prime factors of 180494.
2, 90247
List the prime factors of 685408.
2, 21419
List the prime factors of 3214947.
3, 89, 12041
List the prime factors of 10683665.
5, 2136733
List the prime factors of 2561029.
19, 37, 3643
List the prime factors of 12818802.
2, 3, 431, 4957
What are the prime factors of 425089?
7, 60727
List the prime factors of 1269134.
2, 634567
What are the prime factors of 3816680?
2, 5, 7, 43, 317
List the prime factors of 1511571.
3, 503857
List the prime factors of 4971.
3, 1657
What are the prime factors of 86639?
7, 12377
What are the prime factors of 4248266?
2, 11, 17, 37, 307
List the prime factors of 5171004.
2, 3, 239, 601
What are the prime factors of 174396?
2, 3, 14533
List the prime factors of 5125688.
2, 23, 89, 313
List the prime factors of 51240.
2, 3, 5, 7, 61
What are the prime factors of 254358?
2, 3, 13, 1087
List the prime factors of 132756.
2, 3, 13, 23, 37
What are the prime factors of 48207?
3, 16069
List the prime factors of 53116.
2, 7, 271
What are the prime factors of 7954932?
2, 3, 29, 22859
List the prime factors of 34584062.
2, 17292031
What are the prime factors of 939697?
11, 85427
List the prime factors of 34391.
7, 17
List the prime factors of 683960.
2, 5, 17099
List the prime factors of 184037.
7, 61, 431
List the prime factors of 473480.
2, 5, 7, 19, 89
List the prime factors of 14951275.
5, 598051
List the prime factors of 124504.
2, 79, 197
List the prime factors of 2617516.
2, 11, 19, 31, 101
List the prime factors of 2547038.
2, 13, 163, 601
What are the prime factors of 20872940?
2, 5, 11, 17, 5581
List the prime factors of 232611.
3, 17, 4561
List the prime factors of 91333.
11, 19, 23
What are the prime factors of 510668?
2, 43, 2969
List the prime factors of 2416060.
2, 5, 107, 1129
What are the prime factors of 3665972?
2, 67, 13679
List the prime factors of 6373440.
2, 3, 5, 2213
What are the prime factors of 156484?
2, 19, 29, 71
List the prime factors of 4190889.
3, 1396963
List the prime factors of 768639.
3, 173, 1481
What are the prime factors of 37649743?
29, 241, 5387
What are the prime factors of 31909?
17, 1877
List the prime factors of 652148.
2, 7, 23291
List the prime factors of 1289922.
2, 3, 214987
List the prime factors of 1408630.
2, 5, 140863
What are the prime factors of 39531213?
3, 137, 10687
List the prime factors of 25300363.
11, 139, 16547
What are the prime factors of 6133967?
7, 125183
What are the prime factors of 13210769?
11, 13, 92383
What are the prime factors of 1131742?
2, 439, 1289
What are the prime factors of 353047?
353047
What are the prime factors of 3116543?
29, 107467
What are the prime factors of 13741418?
2, 29, 79, 2999
List the prime factors of 24289586.
2, 12144793
List the prime factors of 5196329.
19, 181, 1511
List the prime factors of 166862.
2, 83431
List the prime factors of 37589911.
353, 106487
List the prime factors of 4275016.
2, 113, 4729
What are the prime factors of 630099?
3, 2593
List the prime factors of 516788.
2, 129197
List the prime factors of 1145336.
2, 61, 234